{"id":3305,"date":"2019-10-18T18:10:08","date_gmt":"2019-10-18T16:10:08","guid":{"rendered":"https:\/\/mediation-roffler.ch\/cms\/?page_id=3305"},"modified":"2023-02-23T12:56:49","modified_gmt":"2023-02-23T11:56:49","slug":"kontakt","status":"publish","type":"page","link":"https:\/\/mediation-roffler.ch\/cms\/kontakt\/","title":{"rendered":"Kontakt"},"content":{"rendered":"\n<style type=\"text\/css\" data-created_by=\"avia_inline_auto\" id=\"style-css-av-ki2di-c28657104fa53b0615c6bd962acc8dca\">\n.avia-section.av-ki2di-c28657104fa53b0615c6bd962acc8dca{\nbackground-repeat:no-repeat;\nbackground-image:url(https:\/\/mediation-roffler.ch\/cms\/wp-content\/uploads\/2019\/10\/IMG_1095-1-509x1030.jpg);\nbackground-position:100% 0%;\nbackground-attachment:scroll;\n}\n<\/style>\n<div id='av_section_1'  class='avia-section av-ki2di-c28657104fa53b0615c6bd962acc8dca main_color avia-section-default avia-no-border-styling  avia-builder-el-0  avia-builder-el-no-sibling  avia-bg-style-scroll container_wrap fullsize'  data-section-bg-repeat='no-repeat'><div class='container av-section-cont-open' ><main  role=\"main\" itemprop=\"mainContentOfPage\"  class='template-page content  av-content-full alpha units'><div class='post-entry post-entry-type-page post-entry-3305'><div class='entry-content-wrapper clearfix'>\n\n<style type=\"text\/css\" data-created_by=\"avia_inline_auto\" id=\"style-css-av-e38ym-f449b519a4fc4e9f33c965b531d4e02c\">\n.flex_column.av-e38ym-f449b519a4fc4e9f33c965b531d4e02c{\nborder-radius:0px 0px 0px 0px;\npadding:0px 0px 0px 0px;\nbackground-color:rgba(255,255,255,0.3);\n}\n<\/style>\n<div  class='flex_column av-e38ym-f449b519a4fc4e9f33c965b531d4e02c av_two_third  avia-builder-el-1  el_before_av_one_third  avia-builder-el-first  first av-break-at-tablet flex_column_div av-zero-column-padding  '     ><p>\n<style type=\"text\/css\" data-created_by=\"avia_inline_auto\" id=\"style-css-av-vq2rby-7510b8f202872c1115f3154401b0813a\">\n#top .hr.hr-invisible.av-vq2rby-7510b8f202872c1115f3154401b0813a{\nheight:100px;\n}\n<\/style>\n<div  class='hr av-vq2rby-7510b8f202872c1115f3154401b0813a hr-invisible  avia-builder-el-2  el_before_av_textblock  avia-builder-el-first  av-mini-hide'><span class='hr-inner '><span class=\"hr-inner-style\"><\/span><\/span><\/div><br \/>\n<section  class='av_textblock_section av-k1w970kz-e82900995e71ec9623dd7a1fcac6a4d9 '   itemscope=\"itemscope\" itemtype=\"https:\/\/schema.org\/CreativeWork\" ><div class='avia_textblock'  itemprop=\"text\" ><h1>Machen Sie den ersten Schritt.<\/h1>\n<\/div><\/section><br \/>\n\n<style type=\"text\/css\" data-created_by=\"avia_inline_auto\" id=\"style-css-av-vq2rby-7-d4ee7dc9fd9c192e27e0304ec9d876ab\">\n#top .hr.av-vq2rby-7-d4ee7dc9fd9c192e27e0304ec9d876ab{\nmargin-top:15px;\nmargin-bottom:30px;\n}\n.hr.av-vq2rby-7-d4ee7dc9fd9c192e27e0304ec9d876ab .hr-inner{\nwidth:50px;\nborder-color:#b0b0b0;\n}\n<\/style>\n<div  class='hr av-vq2rby-7-d4ee7dc9fd9c192e27e0304ec9d876ab hr-custom  avia-builder-el-4  el_after_av_textblock  el_before_av_image  hr-left hr-icon-no'><span class='hr-inner inner-border-av-border-fat'><span class=\"hr-inner-style\"><\/span><\/span><\/div><br \/>\n\n<style type=\"text\/css\" data-created_by=\"avia_inline_auto\" id=\"style-css-av-k2itpb80-9beb9225c922e8d0a33f7610d50ff201\">\n.avia-image-container.av-k2itpb80-9beb9225c922e8d0a33f7610d50ff201 img.avia_image{\nbox-shadow:none;\n}\n.avia-image-container.av-k2itpb80-9beb9225c922e8d0a33f7610d50ff201 .av-image-caption-overlay-center{\ncolor:#ffffff;\n}\n<\/style>\n<div  class='avia-image-container av-k2itpb80-9beb9225c922e8d0a33f7610d50ff201 av-styling- avia-align-left  avia-builder-el-5  el_after_av_hr  el_before_av_hr '   itemprop=\"image\" itemscope=\"itemscope\" itemtype=\"https:\/\/schema.org\/ImageObject\" ><div class=\"avia-image-container-inner\"><div class=\"avia-image-overlay-wrap\"><img decoding=\"async\" fetchpriority=\"high\" class='wp-image-4022 avia-img-lazy-loading-not-4022 avia_image ' src=\"https:\/\/mediation-roffler.ch\/cms\/wp-content\/uploads\/2020\/07\/c3uST3_A-1500x1000.jpg\" alt='Mediation Roffler' title='Kontakt'  height=\"1000\" width=\"1500\"  itemprop=\"thumbnailUrl\" srcset=\"https:\/\/mediation-roffler.ch\/cms\/wp-content\/uploads\/2020\/07\/c3uST3_A-1500x1000.jpg 1500w, https:\/\/mediation-roffler.ch\/cms\/wp-content\/uploads\/2020\/07\/c3uST3_A-300x200.jpg 300w, https:\/\/mediation-roffler.ch\/cms\/wp-content\/uploads\/2020\/07\/c3uST3_A-1030x687.jpg 1030w, https:\/\/mediation-roffler.ch\/cms\/wp-content\/uploads\/2020\/07\/c3uST3_A-768x512.jpg 768w, https:\/\/mediation-roffler.ch\/cms\/wp-content\/uploads\/2020\/07\/c3uST3_A-1536x1024.jpg 1536w, https:\/\/mediation-roffler.ch\/cms\/wp-content\/uploads\/2020\/07\/c3uST3_A-2048x1366.jpg 2048w, https:\/\/mediation-roffler.ch\/cms\/wp-content\/uploads\/2020\/07\/c3uST3_A-705x470.jpg 705w\" sizes=\"(max-width: 1500px) 100vw, 1500px\" \/><\/div><\/div><\/div><br \/>\n\n<style type=\"text\/css\" data-created_by=\"avia_inline_auto\" id=\"style-css-av-vq2rby-6-7841015798a00598ad77487e9cf27091\">\n#top .hr.hr-invisible.av-vq2rby-6-7841015798a00598ad77487e9cf27091{\nheight:50px;\n}\n<\/style>\n<div  class='hr av-vq2rby-6-7841015798a00598ad77487e9cf27091 hr-invisible  avia-builder-el-6  el_after_av_image  el_before_av_textblock '><span class='hr-inner '><span class=\"hr-inner-style\"><\/span><\/span><\/div><br \/>\n<section  class='av_textblock_section av-vkztom-01fb1a4289961cd532eda00e4915e7b7 '   itemscope=\"itemscope\" itemtype=\"https:\/\/schema.org\/CreativeWork\" ><div class='avia_textblock'  itemprop=\"text\" ><h3>Ich freue mich auf Ihre Nachricht.<\/h3>\n<p>Sich Hilfe zu holen ist ein Zeichen von St\u00e4rke. Nehmen Sie unverbindlich mit mir Kontakt auf. Nur so finden Sie heraus, ob dieser Weg f\u00fcr Sie der richtige ist.<\/p>\n<p>F\u00fcr Anfragen erreichen Sie mich telefonisch oder per E-Mail. Sollte ich Ihren Anruf nicht entgegennehmen k\u00f6nnen, sprechen Sie bitte aufs Band. Ich werde Sie sobald als m\u00f6glich zur\u00fcckrufen.<\/p>\n<\/div><\/section><br \/>\n\n<style type=\"text\/css\" data-created_by=\"avia_inline_auto\" id=\"style-css-av-vq2rby-5-8dd8e12ccf74bac50cae71fb2bed49d7\">\n#top .hr.hr-invisible.av-vq2rby-5-8dd8e12ccf74bac50cae71fb2bed49d7{\nheight:25px;\n}\n<\/style>\n<div  class='hr av-vq2rby-5-8dd8e12ccf74bac50cae71fb2bed49d7 hr-invisible  avia-builder-el-8  el_after_av_textblock  el_before_av_contact '><span class='hr-inner '><span class=\"hr-inner-style\"><\/span><\/span><\/div><br \/>\n<form action=\"https:\/\/mediation-roffler.ch\/cms\/kontakt\/\" method=\"post\" data-fields-with-error=\"Fehler wurden in folgenden Feld(ern) gefunden:\" class=\"avia_ajax_form av-form-labels-hidden   avia-builder-el-9  el_after_av_hr  el_before_av_hr  av-custom-form-color av-dark-form \" data-avia-form-id=\"1\" data-avia-redirect='' ><fieldset><p class='  first_form  form_element form_element_half' id='element_avia_1_1'><label for=\"avia_1_1\">Name <abbr class=\"required\" title=\"ben\u00f6tigt\">*<\/abbr><\/label> <input name=\"avia_1_1\" class=\"text_input is_empty\" type=\"text\" id=\"avia_1_1\" value=\"\"  placeholder='Name*'\/><\/p><p class='  form_element form_element_half' id='element_avia_2_1'><label for=\"avia_2_1\">E-Mail <abbr class=\"required\" title=\"ben\u00f6tigt\">*<\/abbr><\/label> <input name=\"avia_2_1\" class=\"text_input is_email\" type=\"text\" id=\"avia_2_1\" value=\"\"  placeholder='E-Mail*'\/><\/p><p class='  first_form  form_element form_fullwidth' id='element_avia_3_1'><label for=\"avia_3_1\">Betreff <abbr class=\"required\" title=\"ben\u00f6tigt\">*<\/abbr><\/label> <input name=\"avia_3_1\" class=\"text_input is_empty\" type=\"text\" id=\"avia_3_1\" value=\"\"  placeholder='Betreff*'\/><\/p><p class='  first_form  form_element form_fullwidth' id='element_avia_4_1'><label for=\"avia_4_1\" class=\"textare_label hidden textare_label_avia_4_1\">Nachricht <abbr class=\"required\" title=\"ben\u00f6tigt\">*<\/abbr><\/label><textarea  placeholder='Nachricht*' name=\"avia_4_1\" class=\"text_area is_empty\" cols=\"40\" rows=\"7\" id=\"avia_4_1\" ><\/textarea><\/p><p class=\"hidden\"><input type=\"text\" name=\"avia_5_1\" class=\"hidden \" id=\"avia_5_1\" value=\"\" \/><\/p><p class=' hidden hideany first_form  form_element form_fullwidth' id='element_avia_6_1'><label for=\"avia_6_1\">Your Name <abbr class=\"required\" title=\"ben\u00f6tigt\">*<\/abbr><\/label> <input name=\"avia_6_1\" class=\"text_input must_empty\" type=\"text\" id=\"avia_6_1\" value=\"\"  placeholder='Your Name*'\/><\/p><p class=\"form_element \"><input type=\"hidden\" value=\"1\" name=\"avia_generated_form1\" \/><input type=\"submit\" value=\"senden\" class=\"button\"  data-sending-label=\"Sende\"\/><\/p><\/fieldset><\/form><div id=\"ajaxresponse_1\" class=\"ajaxresponse ajaxresponse_1 hidden\"><\/div><br \/>\n\n<style type=\"text\/css\" data-created_by=\"avia_inline_auto\" id=\"style-css-av-vq2rby-3-544cf3a3ff1401f91421965a43ad1ef4\">\n#top .hr.hr-invisible.av-vq2rby-3-544cf3a3ff1401f91421965a43ad1ef4{\nheight:50px;\n}\n<\/style>\n<div  class='hr av-vq2rby-3-544cf3a3ff1401f91421965a43ad1ef4 hr-invisible  avia-builder-el-10  el_after_av_contact  el_before_av_textblock '><span class='hr-inner '><span class=\"hr-inner-style\"><\/span><\/span><\/div><br \/>\n<section  class='av_textblock_section av-vkztom-4-a794a1fde6058797b5bb779d5a6c9f81 '   itemscope=\"itemscope\" itemtype=\"https:\/\/schema.org\/CreativeWork\" ><div class='avia_textblock'  itemprop=\"text\" ><h3>Hier finden Sie mich.<\/h3>\n<p>Die Praxis befindet sich in der Fussg\u00e4ngerzone der Winterthurer Altstadt. Sie ist vom Hauptbahnhof Winterthur in etwa zehn Minuten erreichbar, von den Bushaltestellen \u00abTechnikum\u00bb und \u00abStadthaus\u00bb in etwa f\u00fcnf Minuten.<\/p>\n<p>Die Praxis befindet sich in einem Gesch\u00e4ftshaus, 4. Stock, mit einer Weinbar im Erdgeschoss. Ein Lift ist vorhanden.<\/p>\n<\/div><\/section><br \/>\n\n<style type=\"text\/css\" data-created_by=\"avia_inline_auto\" id=\"style-css-av-vq2rby-2-0e4332a8cca811dadd71156b207f7c9e\">\n#top .hr.hr-invisible.av-vq2rby-2-0e4332a8cca811dadd71156b207f7c9e{\nheight:25px;\n}\n<\/style>\n<div  class='hr av-vq2rby-2-0e4332a8cca811dadd71156b207f7c9e hr-invisible  avia-builder-el-12  el_after_av_textblock  el_before_av_textblock '><span class='hr-inner '><span class=\"hr-inner-style\"><\/span><\/span><\/div><br \/>\n<section  class='av_textblock_section av-vkztom-1-f844c19abe1974fb6c6416e8798904e3 '   itemscope=\"itemscope\" itemtype=\"https:\/\/schema.org\/CreativeWork\" ><div class='avia_textblock'  itemprop=\"text\" ><p><iframe loading=\"lazy\" style=\"border: 0;\" src=\"https:\/\/www.google.com\/maps\/embed?pb=!1m18!1m12!1m3!1d2695.5626331218878!2d8.72858625196667!3d47.498433079075426!2m3!1f0!2f0!3f0!3m2!1i1024!2i768!4f13.1!3m3!1m2!1s0x479a999cfafa6ee1%3A0x177a9ec2c157ed1e!2sUnterer%20Graben%201%2C%208400%20Winterthur!5e0!3m2!1sde!2sch!4v1677144491505!5m2!1sde!2sch\" width=\"1000\" height=\"600\" allowfullscreen=\"allowfullscreen\"><\/iframe><\/p>\n<\/div><\/section><\/p><\/div>\n<style type=\"text\/css\" data-created_by=\"avia_inline_auto\" id=\"style-css-av-e38ym-8-f1246dc71f4758c8b6f7f3a15480c4a6\">\n.flex_column.av-e38ym-8-f1246dc71f4758c8b6f7f3a15480c4a6{\nborder-radius:0px 0px 0px 0px;\npadding:0px 0px 0px 0px;\n}\n<\/style>\n<div  class='flex_column av-e38ym-8-f1246dc71f4758c8b6f7f3a15480c4a6 av_one_third  avia-builder-el-14  el_after_av_two_third  avia-builder-el-last  av-break-at-tablet flex_column_div av-hide-on-mobile av-zero-column-padding  '     ><\/div>\n","protected":false},"excerpt":{"rendered":"","protected":false},"author":1,"featured_media":0,"parent":0,"menu_order":0,"comment_status":"closed","ping_status":"closed","template":"","meta":{"footnotes":""},"class_list":["post-3305","page","type-page","status-publish","hentry"],"yoast_head":"<!-- This site is optimized with the Yoast SEO plugin v27.4 - https:\/\/yoast.com\/product\/yoast-seo-wordpress\/ -->\n<title>Kontakt - Mediation Roffler<\/title>\n<meta name=\"description\" content=\"Ich freue mich auf Ihre Nachricht. Sich Hilfe zu holen ist ein Zeichen von St\u00e4rke. Hier finden Sie meine Kontaktdaten und Wegbeschreibung zur Praxis.\" \/>\n<meta name=\"robots\" content=\"index, follow, max-snippet:-1, max-image-preview:large, max-video-preview:-1\" \/>\n<link rel=\"canonical\" href=\"https:\/\/mediation-roffler.ch\/cms\/kontakt\/\" \/>\n<meta property=\"og:locale\" content=\"de_DE\" \/>\n<meta property=\"og:type\" content=\"article\" \/>\n<meta property=\"og:title\" content=\"Kontakt - Mediation Roffler\" \/>\n<meta property=\"og:description\" content=\"Ich freue mich auf Ihre Nachricht. Sich Hilfe zu holen ist ein Zeichen von St\u00e4rke. Hier finden Sie meine Kontaktdaten und Wegbeschreibung zur Praxis.\" \/>\n<meta property=\"og:url\" content=\"https:\/\/mediation-roffler.ch\/cms\/kontakt\/\" \/>\n<meta property=\"og:site_name\" content=\"Mediation Roffler\" \/>\n<meta property=\"article:modified_time\" content=\"2023-02-23T11:56:49+00:00\" \/>\n<meta name=\"twitter:card\" content=\"summary_large_image\" \/>\n<meta name=\"twitter:label1\" content=\"Gesch\u00e4tzte Lesezeit\" \/>\n\t<meta name=\"twitter:data1\" content=\"3\u00a0Minuten\" \/>\n<script type=\"application\/ld+json\" class=\"yoast-schema-graph\">{\"@context\":\"https:\\\/\\\/schema.org\",\"@graph\":[{\"@type\":\"WebPage\",\"@id\":\"https:\\\/\\\/mediation-roffler.ch\\\/cms\\\/kontakt\\\/\",\"url\":\"https:\\\/\\\/mediation-roffler.ch\\\/cms\\\/kontakt\\\/\",\"name\":\"Kontakt - Mediation Roffler\",\"isPartOf\":{\"@id\":\"https:\\\/\\\/mediation-roffler.ch\\\/cms\\\/#website\"},\"datePublished\":\"2019-10-18T16:10:08+00:00\",\"dateModified\":\"2023-02-23T11:56:49+00:00\",\"description\":\"Ich freue mich auf Ihre Nachricht. Sich Hilfe zu holen ist ein Zeichen von St\u00e4rke. Hier finden Sie meine Kontaktdaten und Wegbeschreibung zur Praxis.\",\"breadcrumb\":{\"@id\":\"https:\\\/\\\/mediation-roffler.ch\\\/cms\\\/kontakt\\\/#breadcrumb\"},\"inLanguage\":\"de-CH\",\"potentialAction\":[{\"@type\":\"ReadAction\",\"target\":[\"https:\\\/\\\/mediation-roffler.ch\\\/cms\\\/kontakt\\\/\"]}]},{\"@type\":\"BreadcrumbList\",\"@id\":\"https:\\\/\\\/mediation-roffler.ch\\\/cms\\\/kontakt\\\/#breadcrumb\",\"itemListElement\":[{\"@type\":\"ListItem\",\"position\":1,\"name\":\"Home\",\"item\":\"https:\\\/\\\/mediation-roffler.ch\\\/cms\\\/\"},{\"@type\":\"ListItem\",\"position\":2,\"name\":\"Kontakt\"}]},{\"@type\":\"WebSite\",\"@id\":\"https:\\\/\\\/mediation-roffler.ch\\\/cms\\\/#website\",\"url\":\"https:\\\/\\\/mediation-roffler.ch\\\/cms\\\/\",\"name\":\"Mediation Roffler\",\"description\":\"Mediation und Coaching\",\"publisher\":{\"@id\":\"https:\\\/\\\/mediation-roffler.ch\\\/cms\\\/#organization\"},\"potentialAction\":[{\"@type\":\"SearchAction\",\"target\":{\"@type\":\"EntryPoint\",\"urlTemplate\":\"https:\\\/\\\/mediation-roffler.ch\\\/cms\\\/?s={search_term_string}\"},\"query-input\":{\"@type\":\"PropertyValueSpecification\",\"valueRequired\":true,\"valueName\":\"search_term_string\"}}],\"inLanguage\":\"de-CH\"},{\"@type\":\"Organization\",\"@id\":\"https:\\\/\\\/mediation-roffler.ch\\\/cms\\\/#organization\",\"name\":\"Mediation Roffler\",\"url\":\"https:\\\/\\\/mediation-roffler.ch\\\/cms\\\/\",\"logo\":{\"@type\":\"ImageObject\",\"inLanguage\":\"de-CH\",\"@id\":\"https:\\\/\\\/mediation-roffler.ch\\\/cms\\\/#\\\/schema\\\/logo\\\/image\\\/\",\"url\":\"https:\\\/\\\/mediation-roffler.ch\\\/cms\\\/wp-content\\\/uploads\\\/2019\\\/10\\\/logo-1.png\",\"contentUrl\":\"https:\\\/\\\/mediation-roffler.ch\\\/cms\\\/wp-content\\\/uploads\\\/2019\\\/10\\\/logo-1.png\",\"width\":440,\"height\":71,\"caption\":\"Mediation Roffler\"},\"image\":{\"@id\":\"https:\\\/\\\/mediation-roffler.ch\\\/cms\\\/#\\\/schema\\\/logo\\\/image\\\/\"}}]}<\/script>\n<!-- \/ Yoast SEO plugin. -->","yoast_head_json":{"title":"Kontakt - Mediation Roffler","description":"Ich freue mich auf Ihre Nachricht. Sich Hilfe zu holen ist ein Zeichen von St\u00e4rke. Hier finden Sie meine Kontaktdaten und Wegbeschreibung zur Praxis.","robots":{"index":"index","follow":"follow","max-snippet":"max-snippet:-1","max-image-preview":"max-image-preview:large","max-video-preview":"max-video-preview:-1"},"canonical":"https:\/\/mediation-roffler.ch\/cms\/kontakt\/","og_locale":"de_DE","og_type":"article","og_title":"Kontakt - Mediation Roffler","og_description":"Ich freue mich auf Ihre Nachricht. Sich Hilfe zu holen ist ein Zeichen von St\u00e4rke. Hier finden Sie meine Kontaktdaten und Wegbeschreibung zur Praxis.","og_url":"https:\/\/mediation-roffler.ch\/cms\/kontakt\/","og_site_name":"Mediation Roffler","article_modified_time":"2023-02-23T11:56:49+00:00","twitter_card":"summary_large_image","twitter_misc":{"Gesch\u00e4tzte Lesezeit":"3\u00a0Minuten"},"schema":{"@context":"https:\/\/schema.org","@graph":[{"@type":"WebPage","@id":"https:\/\/mediation-roffler.ch\/cms\/kontakt\/","url":"https:\/\/mediation-roffler.ch\/cms\/kontakt\/","name":"Kontakt - Mediation Roffler","isPartOf":{"@id":"https:\/\/mediation-roffler.ch\/cms\/#website"},"datePublished":"2019-10-18T16:10:08+00:00","dateModified":"2023-02-23T11:56:49+00:00","description":"Ich freue mich auf Ihre Nachricht. Sich Hilfe zu holen ist ein Zeichen von St\u00e4rke. Hier finden Sie meine Kontaktdaten und Wegbeschreibung zur Praxis.","breadcrumb":{"@id":"https:\/\/mediation-roffler.ch\/cms\/kontakt\/#breadcrumb"},"inLanguage":"de-CH","potentialAction":[{"@type":"ReadAction","target":["https:\/\/mediation-roffler.ch\/cms\/kontakt\/"]}]},{"@type":"BreadcrumbList","@id":"https:\/\/mediation-roffler.ch\/cms\/kontakt\/#breadcrumb","itemListElement":[{"@type":"ListItem","position":1,"name":"Home","item":"https:\/\/mediation-roffler.ch\/cms\/"},{"@type":"ListItem","position":2,"name":"Kontakt"}]},{"@type":"WebSite","@id":"https:\/\/mediation-roffler.ch\/cms\/#website","url":"https:\/\/mediation-roffler.ch\/cms\/","name":"Mediation Roffler","description":"Mediation und Coaching","publisher":{"@id":"https:\/\/mediation-roffler.ch\/cms\/#organization"},"potentialAction":[{"@type":"SearchAction","target":{"@type":"EntryPoint","urlTemplate":"https:\/\/mediation-roffler.ch\/cms\/?s={search_term_string}"},"query-input":{"@type":"PropertyValueSpecification","valueRequired":true,"valueName":"search_term_string"}}],"inLanguage":"de-CH"},{"@type":"Organization","@id":"https:\/\/mediation-roffler.ch\/cms\/#organization","name":"Mediation Roffler","url":"https:\/\/mediation-roffler.ch\/cms\/","logo":{"@type":"ImageObject","inLanguage":"de-CH","@id":"https:\/\/mediation-roffler.ch\/cms\/#\/schema\/logo\/image\/","url":"https:\/\/mediation-roffler.ch\/cms\/wp-content\/uploads\/2019\/10\/logo-1.png","contentUrl":"https:\/\/mediation-roffler.ch\/cms\/wp-content\/uploads\/2019\/10\/logo-1.png","width":440,"height":71,"caption":"Mediation Roffler"},"image":{"@id":"https:\/\/mediation-roffler.ch\/cms\/#\/schema\/logo\/image\/"}}]}},"_links":{"self":[{"href":"https:\/\/mediation-roffler.ch\/cms\/wp-json\/wp\/v2\/pages\/3305","targetHints":{"allow":["GET"]}}],"collection":[{"href":"https:\/\/mediation-roffler.ch\/cms\/wp-json\/wp\/v2\/pages"}],"about":[{"href":"https:\/\/mediation-roffler.ch\/cms\/wp-json\/wp\/v2\/types\/page"}],"author":[{"embeddable":true,"href":"https:\/\/mediation-roffler.ch\/cms\/wp-json\/wp\/v2\/users\/1"}],"replies":[{"embeddable":true,"href":"https:\/\/mediation-roffler.ch\/cms\/wp-json\/wp\/v2\/comments?post=3305"}],"version-history":[{"count":73,"href":"https:\/\/mediation-roffler.ch\/cms\/wp-json\/wp\/v2\/pages\/3305\/revisions"}],"predecessor-version":[{"id":4157,"href":"https:\/\/mediation-roffler.ch\/cms\/wp-json\/wp\/v2\/pages\/3305\/revisions\/4157"}],"wp:attachment":[{"href":"https:\/\/mediation-roffler.ch\/cms\/wp-json\/wp\/v2\/media?parent=3305"}],"curies":[{"name":"wp","href":"https:\/\/api.w.org\/{rel}","templated":true}]}}